 72*z - z**2 - 72*z + 244*z. Suppose -3*p - 4*t - 7 = 0, -3*p - 4*t - t - 11 = 0. Let o = p + -7. What is k(o)?
8
Let d(f) = 2*f**2 + 143*f - 37. Let h(g) = g**2 + 67*g - 18. Let t(w) = 6*d(w) - 13*h(w). Give t(-13).
12
Let v(y) be the first derivative of 2*y**3/3 + 11*y**2/2 + 4*y + 40. Let x = 160 - 165. What is v(x)?
-1
Suppose 2*r - 8 = -0, -4*c + 2*r + 32 = 0. Suppose 0 = -5*p + c. Let q(y) be the third derivative of -y**4/12 + y**3/2 - 24*y**2. What is q(p)?
-1
Suppose -13 = -2*c + 9. Let z(v) = -2*v**3 + 3*v**3 - 11 - c*v**2 + 25*v**2 + 12*v. Let g be z(-13). Let q(h) = 3*h**2 + h - 1. Determine q(g).
13
Let x(w) be the first derivative of w**3 - 3*w**2 - 17*w + 626. What is x(-2)?
7
Let g be (48/10)/((-54)/(-90)). Let x(l) = 4 + 2*l - 5000*l**2 + 4999*l**2 - g*l. Let t = -5 - 1. Give x(t).
4
Let k(s) = -s**3 + 2*s - 10. Let g be k(-3). Let j(m) = m**3 - 15*m**2 + 44*m - 1. Calculate j(g).
-1
Let l(q) = 5*q - 2 - 4*q + 0*q - 3. Let c(x) = 8*x + 39. Let k be c(-5). Let u(g) = -2*g + 3. Let r be u(k). Calculate l(r).
0
Let b be 0/(18/10 - (-168)/(-210)). Let j(t) = -5*t**2 - 2. Determine j(b).
-2
Let z(x) = -x + 1. Let d = 270 - 204. Suppose -12*p = -p + d. Calculate z(p).
7
Suppose 3*a - 87 = -3*z, -2*a + 48 - 21 = z. Let r(c) = c**2 - 31*c + 16. Give r(z).
16
Suppose -4*m + 4*n + 32 = 0, -5*m - 341 = -n - 365. Let i(d) = d**3 - 5*d**2 + 3*d + 3. Calculate i(m).
-1
Let a(u) = -u**2 - 7*u + 7. Let i(d) = -d**2 - 8*d + 8. Let y = 4 + -8. Let m(s) = y*i(s) + 5*a(s). Suppose -20 = 5*z - 4*o, z - 5*o - 6 = -10. Determine m(z).
-1
Let o = 21059 - 21067. Let d(c) = -c**3 - 14*c**2 - 45*c + 9. Give d(o).
-15
Let j(p) be the first derivative of -p**2 + 3*p + 3201. Calculate j(9).
-15
Let f(m) = -847*m**2 - 21*m + 39 + 1707*m**2 - 862*m**2. What is f(2)?
-11
Let j = 1377 - 1369. Let b(o) = -o**2 + 5*o + 10. What is b(j)?
-14
Let l = 15 + -9. Let f(a) = -2 - 2*a - a - l*a + 2*a. Let z(d) = 6*d + 3. Let y(k) = 5*f(k) + 6*z(k). Give y(-8).
0
Let u(b) = -3094*b - 12378. Let v be u(-4). Let y(p) = 37*p + 70. Calculate y(v).
-4
Let h be ((-45)/10 - -5)/(2/16). Let v be 2 + h/1 + -8. Let g(s) = 2*s**3 + s**2 - 2*s. Give g(v).
-8
Let l(u) be the first derivative of -u**3/3 - 3*u - 11. Let a be (11/(-2) - 3/(-6)) + 5. Give l(a).
-3
Let g(d) = -d**2 + 64*d - 391. Let a be g(57). Let p(r) = -12*r + 13. Determine p(a).
-83
Let u(l) be the third derivative of -l**4/24 + 31*l**3/6 + 85*l**2 + 5. Determine u(13).
18
Let u(x) be the first derivative of x**4/4 - x**3/3 + x**2/2 - 20*x - 3. Let y(v) = -4*v + 64. Let b be y(16). Give u(b).
-20
Let i = 55270 + -55277. Let x(c) be the second derivative of -c**2 + 0 + c - 1/2*c**3. Calculate x(i).
19
Let u(i) = -4*i**2 - 2*i - 1. Let a = 110 - 106. Suppose -5*r = 4*m - 14, -a*m = -0*m - 4. Calculate u(r).
-21
Suppose -2*o - z + 276 = o, 4*o - 4*z = 384. Let j = 89 - o. Let t(c) = 6 + 6*c + 21*c**2 - 13*c**2 - 7*c**2. Determine t(j).
-2
Let q(v) be the first derivative of 3*v**2/2 + 23*v - 2575. Suppose 5*x = -b - 40, -3*x + 8*x = -5*b - 40. Determine q(x).
-1
Let l(k) = -5*k + 42. Let o be l(9). Let i(a) = a**2 + 2*a + 1. Let x be i(o). Let c(q) be the first derivative of -q**4/4 + 4*q**3/3 - 4*q - 7. Give c(x).
-4
Let x(a) = a**2 + 62*a + 237. Let y be (((-18)/(-21))/(32/812))/((-6)/16). Calculate x(y).
5
Let c(o) be the second derivative of -1/8*o**4 + 5/6*o**3 - 11/2*o**2 + 0 - 12*o. Let v(b) be the first derivative of c(b). Determine v(4).
-7
Suppose 255*q = 240*q - 135. Let l(n) = -n**3 - 8*n**2 + 10*n - 8. Calculate l(q).
-17
Let z(l) be the first derivative of 8*l**3/3 - l**2 + l - 1. Let q be (-2*2/(-12))/(9/(-4482)). Let x = q - -167. Give z(x).
7
Let s(t) be the first derivative of 12 + 3/2*t**3 + 4*t**2 - 9*t + 1/12*t**4. Let u(y) be the first derivative of s(y). Give u(-7).
-6
Suppose -3*g - 2 = 2*j, j + 6 = g - 5*g. Suppose -2*h + 4*x - 78 = -0*h, j*h + 70 = 2*x. Let i = h - -30. Let d(o) = -12*o**3 + 2*o**2 - 1. Calculate d(i).
13
Let q(m) = -7*m - 21. Let t(w) = 59*w - 951. Let l be t(16). Determine q(l).
28
Let u = -1944 + 1928. Let s(q) = 7*q + 100. Give s(u).
-12
Let x be -3 + 1/(-3)*0/(-21). Let t(h) = -3*h**3 - 2*h**2 + h - 4. Give t(x).
56
Let n(z) = -z**2 + 34*z - 126. Suppose 4*d = -5*x + 178, 2*d - 68 = 3*x - 144. Give n(x).
-6
Let o(l) = -l**2 - l + 4. Let k = -333 - -333. Suppose 4*a - 7*a - 3*f = k, -4*a = -2*f + 18. Calculate o(a).
-2
Suppose -5*y - 13 = -3. Let s(w) = -8*w + 6. Let o(r) = 41*r - 32. Let p(x) = 2*o(x) + 11*s(x). Calculate p(y).
14
Let i(p) be the second derivative of 3*p**3/2 - 6*p**2 + 3*p - 536. Calculate i(1).
-3
Let s(z) = 2*z**3 + 10*z**2 - 15*z - 23. Let m = -292 + 286. Let a be s(m). Let i(k) = -k**3 - 6*k**2 - 2*k + 2. Give i(a).
-13
Let d be ((-4)/6)/((-13)/(-663) - -4 - 4). Let a(q) = -q**3 - 34*q**2 - q - 49. Determine a(d).
-15
Let h(a) = 34*a - 88. Let v be h(4). Suppose 53*l = v*l. Let z(n) = n**2 + n. Determine z(l).
0
Let i(b) be the third derivative of -80*b + 2*b**2 + 0 - 1/24*b**4 + 1/20*b**5 + 1/2*b**3 + 1/120*b**6. Determine i(-3).
6
Let f(r) = 2*r + 1. Let c = 30 - 26. Suppose c*o = -0*o. Suppose o = 4*w - 3*t + t + 14, -w + 4*t - 21 = 0. What is f(w)?
-1
Let u(n) = -4*n - 32. Let c(g) = g**3 + 211*g**2 - 205*g + 1499. Let p be c(-212). Give u(p).
-92
Let o be 1/(39/(-474)) + 8/52. Let f be (17/34)/(2/o). Let x(y) = y**2 - y + 8. Let j(b) = -b**2 + 2*b - 9. Let n(s) = -6*j(s) - 7*x(s). Determine n(f).
4
Let n(a) = -4*a**2 - 5*a + 2. Let g(z) = 5*z**2 + 5. Let v(w) = -w + 2. Let h(r) = -g(r) + 3*v(r). Let f(u) = 3*h(u) - 2*n(u). Determine f(1).
-7
Let k(o) = -o**3 - 2*o**2 - 2*o + 1. Let b(c) = -3*c**3 + c**2 - 2*c. Let j = -429 + 430. Let f(g) = j*b(g) - 2*k(g). Give f(5).
8
Let v(k) = -k**2 - 7*k + 1. Let g(w) = w**3 - 2*w + 1. Let c(o) = -12*o**2 + 38*o - 3. Let d(p) = -c(p) - g(p). Let h be d(7). Give v(h).
11
Let l(q) = -2*q**2 + 14*q + 32. Let u(d) = -8*d**2 + 56*d + 134. Let h(p) = -9*l(p) + 2*u(p). What is h(7)?
-20
Suppose -30*z + 27*z + 24 = 0. Let c(a) = -a**2 - 16 - 7*a + 0*a**2 - z + 18. What is c(-5)?
4
Let g be (-9 - -1)/(-2)*-17. Let s be ((-480)/(-50) - (-12)/30) + 56. Let a = s + g. Let m(f) = f**3 - f. Determine m(a).
-6
Let w be 5 - (18/(-2))/(-3). Suppose -w*h - 5 + 27 = 0. Let r(x) = -x**3 - x + 185 - h*x**2 + 0*x - 189. Calculate r(-11).
7
Let b(m) = m**3 - 9*m**2 - 7*m - 6. Let d = -17 + 25. Let v be b(d). Let k = 126 + v. Let p(t) = t**3 - t**2 - t - 4. Determine p(k).
-4
Suppose -2 = -2*z + z. Let p(l) = -6*l - 2 + 0 + z. Let i be (-2 + 1)/(5 + 24/(-6)). What is p(i)?
6
Let y(i) be the second derivative of -i**4/12 + 8*i**3/3 + i**2 + 31*i - 7. Determine y(14).
30
Let h(u) = 3 - 157*u**2 - 4 + u**3 - 13*u + 0*u**3 + 144*u**2 - 3. Calculate h(14).
10
Suppose 0 = 44*q + 104 - 16. Let i(x) = -x. Let j(s) = -s**2 - s - 3. Let n(d) = 2*i(d) + j(d). Give n(q).
-1
Let k(h) = -h**3 - 8*h**2 - 2*h - 10. Suppose 492*w + 360 = 500*w. Suppose w = -j + 37. Calculate k(j).
6
Let b = -38 + 48. Let u be 116/20 + -2*(-1)/b. Suppose -u*o - 10 = -28. Let i(f) = f**3 - 3*f**2 - f - 4. Calculate i(o).
-7
Let f(c) = -3*c - 6. Let a be 973/(-35) + (-3)/15. Let t be (3 + 0)*a/21. Give f(t).
6
Let x(i) = 11*i - 64. Let z(o) = 5*o - 28. Let a(u) = 4*x(u) - 9*z(u). Let y(h) = -6*h + 19. Let q be y(4). Calculate a(q).
1
Let i(n) = -5 + 4*n**2 + 5*n + n**2 + 2*n**3 + 4*n**2. Let v(c) = 10 - 22*c - 39*c**2 + 22*c**2 + 27*c - 14*c - 3*c**3. Let z(y) = 5*i(y) + 3*v(y). Give z(6).
-7
Let r(q) = -5*q**2 + 4*q**2 + 5*q - q**2. Suppose 5*m + 41 = -t, 25*t - m = 20*t + 29. Calculate r(t).
-12
Let o(s) = s**2 - 2*s - 97. Let m be o(11). Let v be -3 - (m - 3)*11. Let r(u) = -2*u + 10. Determine r(v).
-6
Suppose 7*z + 14*z - 294 = 0. Let k be (-2)/(-7) - ((-288)/(-28) + 2). Let u = k + z. Let h(p) = -p**2 + 2*p - 3. What is h(u)?
-3
Let m(y) be the third derivative of -y**8/6720 - y**7/2520 + y**6/720 + 33*y**4/4 + 5*y**2 + 5. Let a(j) be the second derivative of m(j). Calculate a(-2).
2
Let y(t) = 55*t + 222. Let v be y(-4). Let k(n) = 3*n + 4*n**v - 5*n**2 - 2*n + 3 + 0*n - 7. What is k(0)?
-4
Let s(a) = -4*a - 6. Let b = -3488 + 3484. Give s(b).
10
Let z(a) = -2*a - 6. Let i(j) = -j - 4. Let q(p) = -3*i(p) + 2*z(p). Let k(f) = -f**2. Let s(w) = -k(w) - q(w). W